{"id":10,"date":"2020-09-15T06:48:15","date_gmt":"2020-09-15T06:48:15","guid":{"rendered":"http:\/\/handcampers.com\/index.php\/home\/"},"modified":"2022-04-23T18:17:11","modified_gmt":"2022-04-23T16:17:11","slug":"home","status":"publish","type":"page","link":"https:\/\/handcampers.com\/","title":{"rendered":"@HANDCAMPERS"},"content":{"rendered":"\n<div class=\"wp-block-cover alignfull\" style=\"min-height:750px;aspect-ratio:unset;\"><span aria-hidden=\"true\" class=\"has-background-dim-30 wp-block-cover__gradient-background has-background-dim\" style=\"background-color:#040219\"><\/span><img loading=\"lazy\" decoding=\"async\" width=\"2160\" height=\"1424\" class=\"wp-block-cover__image-background wp-image-146\" alt=\"\" src=\"http:\/\/handcampers.com\/wp-content\/uploads\/2021\/08\/00_DSC8349-para-web.jpg\" data-object-fit=\"cover\" srcset=\"https:\/\/handcampers.com\/wp-content\/uploads\/2021\/08\/00_DSC8349-para-web.jpg 2160w, https:\/\/handcampers.com\/wp-content\/uploads\/2021\/08\/00_DSC8349-para-web-600x396.jpg 600w, https:\/\/handcampers.com\/wp-content\/uploads\/2021\/08\/00_DSC8349-para-web-300x198.jpg 300w, https:\/\/handcampers.com\/wp-content\/uploads\/2021\/08\/00_DSC8349-para-web-1024x675.jpg 1024w, https:\/\/handcampers.com\/wp-content\/uploads\/2021\/08\/00_DSC8349-para-web-768x506.jpg 768w, https:\/\/handcampers.com\/wp-content\/uploads\/2021\/08\/00_DSC8349-para-web-1536x1013.jpg 1536w, https:\/\/handcampers.com\/wp-content\/uploads\/2021\/08\/00_DSC8349-para-web-2048x1350.jpg 2048w\" sizes=\"auto, (max-width: 2160px) 100vw, 2160px\" \/><div class=\"wp-block-cover__inner-container is-layout-flow wp-block-cover-is-layout-flow\">\n<h2 class=\"has-text-align-center has-white-color has-text-color has-medium-font-size wp-block-heading\">PASI\u00d3N POR EL MUNDO CAMPER<\/h2>\n\n\n\n<hr class=\"wp-block-separator aligncenter\"\/>\n\n\n\n<h1 class=\"has-text-align-center has-white-color has-text-color has-huge-font-size wp-block-heading\">HAND CAMPERS <\/h1>\n\n\n\n<h3 class=\"has-text-align-center has-white-color has-text-color has-normal-font-size wp-block-heading\">camperizar TU FURGONETA ES F\u00c1CIL SI SABES C\u00d3MO <\/h3>\n\n\n\n<p><\/p>\n<\/div><\/div>\n\n\n\n<div class=\"wp-block-group alignfull has-background\" style=\"background-color:#f4f5f9\"><div class=\"wp-block-group__inner-container is-layout-flow wp-block-group-is-layout-flow\">\n<h3 class=\"has-text-align-center has-white-color has-text-color wp-block-heading\">                                                            <span class=\"has-inline-color has-black-color\">LOW COST Y HECHO A MANO.                                                                                                      CONSTRUIMOS NUESTRA CASA CON RUEDAS, NOS ENCANTA EL MUNDO CAMPISTA, CAMPER, EL CARAVANING, OVERLAND Y TODO LO QUE TENGA QUE VER CON LA AUTOSUFICIENCIA Y LA LIBERTAD. APASIONADOS DE LA CONSTRUCCI\u00d3N, EL MANTENIMIENTO, LOS BRICOS Y LA MEC\u00c1NICA.<\/span><\/h3>\n<\/div><\/div>\n\n\n\n<div class=\"wp-block-cover alignfull is-light has-parallax\" style=\"background-image:url(https:\/\/handcampers.com\/wp-content\/uploads\/2021\/08\/IMG20210805142121-scaled.jpg);min-height:100vh;aspect-ratio:unset;\"><span aria-hidden=\"true\" class=\"wp-block-cover__gradient-background has-background-dim\" style=\"background-color:#040219\"><\/span><div class=\"wp-block-cover__inner-container is-layout-flow wp-block-cover-is-layout-flow\">\n<div class=\"wp-block-columns alignwide are-vertically-aligned-center is-layout-flex wp-container-core-columns-is-layout-9d6595d7 wp-block-columns-is-layout-flex\">\n<div class=\"wp-block-column is-vertically-aligned-center is-layout-flow wp-block-column-is-layout-flow\"><\/div>\n\n\n\n<div class=\"wp-block-column is-vertically-aligned-center is-layout-flow wp-block-column-is-layout-flow\">\n<h2 class=\"has-white-color has-text-color wp-block-heading\">NISSAN INTERSTAR \/ Renault master<\/h2>\n\n\n\n<h2 class=\"has-text-align-center has-white-color has-text-color wp-block-heading\">CAMPERIZada<\/h2>\n\n\n\n<hr class=\"wp-block-separator is-style-wide\"\/>\n\n\n\n<p class=\"has-white-color has-text-color\">En realidad  es el mismo modelo que la Renault M\u00e1ster y la Opel Movano, con peque\u00f1as salvedades est\u00e9ticas. Los motores que montan son de Renault en su mayor\u00eda. Nuestro modelo es de tama\u00f1o intermedio L2H2, y son furgos que no son muy anchas, ventaja en maniobra, desventaja en espacio para poner la cama a lo ancho. <\/p>\n\n\n\n<p class=\"has-white-color has-text-color\">Es de las furgos que llamamos GV o Gran Volumen,siendo bastante m\u00e1s peque\u00f1as que una autocaravana. Las furgos del grupo Renault  son muy habituales, comunes y numerosas, junto con las del grupo PSA (Citroen, Peugeot y Fiat)  aunque para estas \u00faltimas hay m\u00e1s informaci\u00f3n y productos comerciales camper disponibles.  <\/p>\n\n\n\n<p class=\"has-white-color has-text-color\">Por eso queremos hacer contenidos de ayuda especializados en el grupo Renault, porque no solo hemos realizado la camperizaci\u00f3n con nuestras manos, si no que tambien intentamos hacer y ahorrar en todo lo relacionado con la mec\u00e1nica de nuestra furgo.  <\/p>\n\n\n\n<p class=\"has-white-color has-text-color\">Nuestro objetivo es ampliar comunidad, fomentar  y facilitar el conocimiento de nuestras furgos, para hacer reparaciones, construcciones y bricos que nos puedan ser \u00fatiles.                                                                    <\/p>\n\n\n\n<p class=\"has-white-color has-text-color\">S\u00edguenos en redes y disfrutar de este mundillo!<\/p>\n\n\n\n<div class=\"wp-block-buttons is-layout-flex wp-block-buttons-is-layout-flex\">\n<div class=\"wp-block-button\"><a class=\"wp-block-button__link\" href=\"https:\/\/www.youtube.com\/channel\/UCrBNWvN8n66roSKFMKVxg2w\" target=\"_blank\" rel=\"noreferrer noopener\">\u00e9chale un vistazo a nuestro canal<\/a><\/div>\n<\/div>\n\n\n\n<p class=\"has-white-color has-text-color\"> <\/p>\n\n\n\n<div class=\"wp-block-buttons is-layout-flex wp-block-buttons-is-layout-flex\"><\/div>\n<\/div>\n<\/div>\n<\/div><\/div>\n\n\n\n<p><\/p>\n","protected":false},"excerpt":{"rendered":"<p>LOW COST Y HECHO A MANO. CONSTRUIMOS NUESTRA CASA CON RUEDAS, NOS ENCANTA EL MUNDO CAMPISTA, CAMPER, EL CARAVANING, OVERLAND Y TODO LO QUE TENGA QUE VER CON LA AUTOSUFICIENCIA Y LA LIBERTAD. APASIONADOS DE LA CONSTRUCCI\u00d3N, EL MANTENIMIENTO, LOS BRICOS Y LA MEC\u00c1NICA.<\/p>\n","protected":false},"author":1,"featured_media":0,"parent":0,"menu_order":0,"comment_status":"closed","ping_status":"closed","template":"","meta":{"om_disable_all_campaigns":false,"footnotes":""},"class_list":["post-10","page","type-page","status-publish","hentry"],"jetpack_sharing_enabled":true,"_links":{"self":[{"href":"https:\/\/handcampers.com\/index.php\/wp-json\/wp\/v2\/pages\/10","targetHints":{"allow":["GET"]}}],"collection":[{"href":"https:\/\/handcampers.com\/index.php\/wp-json\/wp\/v2\/pages"}],"about":[{"href":"https:\/\/handcampers.com\/index.php\/wp-json\/wp\/v2\/types\/page"}],"author":[{"embeddable":true,"href":"https:\/\/handcampers.com\/index.php\/wp-json\/wp\/v2\/users\/1"}],"replies":[{"embeddable":true,"href":"https:\/\/handcampers.com\/index.php\/wp-json\/wp\/v2\/comments?post=10"}],"version-history":[{"count":17,"href":"https:\/\/handcampers.com\/index.php\/wp-json\/wp\/v2\/pages\/10\/revisions"}],"predecessor-version":[{"id":221,"href":"https:\/\/handcampers.com\/index.php\/wp-json\/wp\/v2\/pages\/10\/revisions\/221"}],"wp:attachment":[{"href":"https:\/\/handcampers.com\/index.php\/wp-json\/wp\/v2\/media?parent=10"}],"curies":[{"name":"wp","href":"https:\/\/api.w.org\/{rel}","templated":true}]}}